a(w) - 4*s(w). Let j be q(5). Suppose 3*p - 34 = -j. List the prime factors of p.
11
Suppose 3*m - 57 = -b, -51 = -3*m - 2*b + 9. What are the prime factors of m?
2, 3
Let d(w) = -3*w + 2. Let s be d(3). Let j be (-2)/4 - s/2. Suppose 5*k = -2*a + 3, -4*a + j*a + 18 = -3*k. What are the prime factors of a?
3
Let w be (-6)/(-27) - (-202)/(-18). Let g = w + 15. Suppose g*t - 4 = 0, 2*o + 15 = 3*o + 5*t. List the prime factors of o.
2, 5
Let j(v) = -v**3 - v**2 - v + 26. What are the prime factors of j(0)?
2, 13
Let g be 11/4 + (-2)/(-8). Let p be (-3)/5 + 115/25. Suppose -4*n = 4*w + p, -g*n = w + 3*w. List the prime factors of w.
3
Suppose n + 0*n = 0. Suppose 0*z - 5*z + 65 = 5*q, -3*q = -5*z + 33. Let v = z - n. List the prime factors of v.
3
Let h(i) = 4*i**2 + 8*i - 3*i + 3*i - 5*i. List the prime factors of h(-3).
3
Let v = 18 + -14. Suppose 102 = 5*p - 2*f, 0*f = -4*f - v. List the prime factors of p.
2, 5
Let n(y) = 2*y - 4. Let i(z) be the first derivative of -z**2/2 + 12*z + 4. Let b be i(9). List the prime factors of n(b).
2
Let z(s) = -3*s - 2. Let o be z(7). Let h = o - -32. What are the prime factors of h?
3
Let c(p) = p**3 - 7*p**2 - 4*p - 6. List the prime factors of c(8).
2, 13
Let q = 5 - 5. List the prime factors of (-3)/(-6)*q + 20.
2, 5
Let j = 4 + 13. List the prime factors of j.
17
Let y(j) = -j**2 + 6*j - 2. Let l be y(6). Let r be (15 + 1)/((-1)/(-1)). Let s = l + r. What are the prime factors of s?
2, 7
Let n be (-108)/(-30)*(-5)/(-2). Let h be 2/3*n/2. List the prime factors of (-33)/(-3) - (6 - h).
2
Let i = -378 - -561. List the prime factors of i.
3, 61
Let w(f) be the first derivative of -f**2/2 - 3*f - 3. List the prime factors of w(-6).
3
Let j(l) = -l**3 + l**2 + 4*l + 5. Suppose 4*t + 1 = -15. Let f be j(t). What are the prime factors of 4/(-6) + f/9?
7
Suppose -2*j - 5 = 3*k - 2*k, 0 = 4*k - 2*j + 10. Let o = 13 + -22. List the prime factors of 6/o + (-38)/k.
2, 3
Suppose -2*k = j - 0 - 8, -22 = -5*j - k. Suppose 2*v + 9*w - 1 = 4*w, 0 = j*v - w - 13. What are the prime factors of v?
3
Let c be (-3)/(-2) - 3/(-6). Let h = 1 - c. List the prime factors of 4 + (h - (1 - 3)).
5
Let i = -29 - -59. What are the prime factors of i?
2, 3, 5
Let t(p) = -p + 4. Let m be t(-5). Let s be (21/m)/((-1)/3). Let n(v) = -v**2 - 8*v - 3. List the prime factors of n(s).
2
Suppose 0 = 6*c - 3*c - 63. List the prime factors of c.
3, 7
Suppose -16*o = -15*o - 116. What are the prime factors of o?
2, 29
Suppose -g - 21 = -4*g. Suppose -3*m = -2*m - g. What are the prime factors of m?
7
Let w = 28 - -35. List the prime factors of w.
3, 7
Suppose 0 = -2*n + 9 - 1. Suppose n*s = 2*m + 2, -m - 4*m = 4*s - 23. What are the prime factors of s?
2
Let h(s) = -22*s. Let n be h(1). Let z = -12 - n. What are the prime factors of z?
2, 5
Suppose 0 = -3*r + 24 + 12. Suppose -2*y + 52 = -r. What are the prime factors of y?
2
Suppose -4*c = 12, 2*l = -c + 6*c + 153. List the prime factors of l.
3, 23
Let p(n) = n**2 + 5*n - 9. List the prime factors of p(3).
3, 5
Let l(h) = h**2. Let a be l(-2). What are the prime factors of 2/a*(0 - -22)?
11
Let x(i) = i**3 - 11*i**2 + 10*i + 11. What are the prime factors of x(10)?
11
Suppose 0 = 5*i - 347 + 82. What are the prime factors of i?
53
Let n(s) = 4*s - 1. Let w be n(3). Let m = w + -8. List the prime factors of m.
3
Let k be (-1)/(-7) - (-450)/(-14). Let j = -15 - k. List the prime factors of j.
17
Suppose 10*l - p = 5*l + 606, 2*p + 607 = 5*l. Let h = 170 - l. Suppose 5*w + u - h = 6, 22 = 2*w - 5*u. List the prime factors of w.
11
Suppose -3*y = 5 - 17. Let f(i) = -i**2 + i + 4. Let z be f(y). List the prime factors of 0 + z/6*-6.
2
Let q be 4/6*3*2. Suppose -3*o + 70 = -5*d, -27 = -2*o + q*d + 23. What are the prime factors of o?
3, 5
Let x(n) = -n**3 + 2*n + 1 + n + 3*n - 4*n. Let d(k) = -k**3 - 5*k**2 + 7*k + 4. Let v be d(-6). List the prime factors of x(v).
5
Suppose -2*i - 260 = -5*o + 3*i, -2*o - 2*i + 88 = 0. List the prime factors of o.
2, 3
Suppose 2*p - 4*l = -0*l + 244, 0 = p - l - 118. List the prime factors of p.
2, 3, 19
Let s(u) = -4*u + 10. List the prime factors of s(-10).
2, 5
Let k = -10 - -18. List the prime factors of -2 + (-2)/(k/(-36)).
7
Suppose 9 = 4*z - 3*y, -z + 31 = -0*z + 5*y. What are the prime factors of 3/(-2)*(-68)/z?
17
Let q(p) = 0 - 2*p + p**3 + 4*p**2 + 5*p + 4. Let t be q(-3). Suppose -f + 20 = t*f. What are the prime factors of f?
2
Let u(a) = -4*a + 7 + a + 2*a. List the prime factors of u(5).
2
Let c be 0/(-1*(0 + 2)). Suppose y + c*q + 4*q + 2 = 0, 3*y = -4*q + 2. List the prime factors of y.
2
Suppose o - 3*o = 0. Suppose 3*d + f + 1 = 46, f + 3 = o. Let u = d - 8. What are the prime factors of u?
2
Let q be ((-8)/6)/(4/42). Let b = -6 - q. Suppose -13 = -3*g + b. What are the prime factors of g?
7
Let i(d) = -d**3 - d**2 - d. Let b(f) = -8*f**3 + f**2 + 2*f. Let t = -8 + 7. Let x(v) = t*b(v) - 2*i(v). What are the prime factors of x(1)?
11
Suppose 0 = 2*t - 4*d - 26, 4*t + 13 = 2*d - 7*d. Suppose -5*z - 2*i = -4, 2*z = -t*i - 0*i + 6. Suppose z = -m + 12. List the prime factors of m.
2, 3
Let x(y) = -26*y**3 + 17*y**2 + 6*y - 11. Let c(d) = -9*d**3 + 6*d**2 + 2*d - 4. Let w(f) = -11*c(f) + 4*x(f). What are the prime factors of w(-2)?
2, 11
Let s = 31 + -16. Suppose 2*q = -3*q + s. List the prime factors of q.
3
Let s be -10 + 2 + (-12)/(-3). What are the prime factors of (2 + -21)*s/2?
2, 19
Let w = 1 - -5. Suppose w*l - 28 = 4*l. List the prime factors of l.
2, 7
Suppose 4 = 2*r - 6. Suppose h + 2*u - 26 = 5*h, r = 5*u. Let v(b) = b**2 + 5*b. List the prime factors of v(h).
2, 3
Suppose -4*q - 151 = -2*m - 51, -m - 2*q + 58 = 0. List the prime factors of m.
2, 3
Suppose -c - 15 = 2*c. Let s(y) = y**3 + 6*y**2 + 4*y - 3. List the prime factors of s(c).
2
Let z(q) = q**2 + 11*q + 14. List the prime factors of z(-11).
2, 7
Let h(l) = l + 7. Suppose -2 = -4*q - 6. Let s(u) = -1. Let b(z) = q*h(z) - 4*s(z). List the prime factors of b(-10).
7
Suppose -3*w + 5 = -13. Suppose w*z = z + 35. List the prime factors of (1 - (3 - 1)) + z.
2, 3
Suppose 5*q = -50 - 25. Let o = 6 - q. What are the prime factors of o?
3, 7
Let v(r) = -r + 5. Suppose -y + 4*j - 12 = 0, 2*y - 3*j + 9 = -0. Let d = y - 0. What are the prime factors of v(d)?
5
Suppose -5*m + 4*d = 5 - 0, 2*m - 2*d = -4. Suppose m*f + o = 4*f - 22, -2*f + 24 = 3*o. List the prime factors of f.
2, 3
Suppose 3*c - 216 = 3*w, 79 = c - 5*w + 7. What are the prime factors of c?
2, 3
Let c be ((-5)/(-4))/(2/64). Suppose 2*a + 0 - 4 = 0. Suppose -a*i + c = 3*i. What are the prime factors of i?
2
Let n be (2/4 - 1)*4. What are the prime factors of n/11 - 633/(-33)?
19
Let j be (-61)/(-5) - (-5)/(-25). Let m be (9 - 1)*j/(-16). What are the prime factors of 69/15 + m/(-15)?
5
Let j = 5 + -1. Suppose 4 = j*a + 5*n - 1, -10 = -5*a - 5*n. Suppose 0 = 5*z - 3*m, 2 = -z + a*z - 2*m. List the prime factors of z.
3
Suppose 0 = 2*d + 4*c - 122, 3*c + 46 + 146 = 3*d. List the prime factors of d.
3, 7
Suppose 2*s + 2 = 3*s. Suppose 12 = 2*c + s*c. Suppose 3*q - c = 3. What are the prime factors of q?
2
Let n be (0 - 0) + 28 + 1. Suppose 2 = 2*b, i - 2*i = 2*b - n. List the prime factors of i.
3
Suppose -10 = -3*y + 5*y. Let o = 4 - y. List the prime factors of o.
3
Let x be (-108)/(-20) - 6/(-10). Suppose x*g - 10 = g. List the prime factors of g.
2
Let x(v) = -5*v - 5. Let h be x(6). What are the prime factors of (-14)/4*100/h?
2, 5
Let x(p) = p + 1. Let c be x(-5). Let r be 1 + 1 - 8/c. Suppose r*w = 3 + 5. What are the prime factors of w?
2
Let z = -1 - -106. What are the prime factors of z?
3, 5, 7
Let v(o) be the second derivative of -o**3/3 - 3*o**2/2 + o. Let r be v(-4). What are the prime factors of 33/r + 3/(-5)?
2, 3
Let v be (-6)/27 + (-22)/(-18). Let j = 8 - v. Let y = -3 + j. What are the prime factors of y?
2
What are the prime factors of 1 - -10 - (7 + -4)?
2
Let h = 6 - 13. Let v be (-7 - (-2)/2)*(-3 + 1). Let n = h + v. List the prime factors of n.
5
Let x(b) = -b**2 - 10*b - 1. Let g be (2 + 1)*16/(-12). What are the prime factors of x(g)?
23
Suppose 5*z - 102 = 2*z. What are the prime factors of z?
2, 17
Let h be 42/3 + (-2)/(-2). Let p = 56 - h. What are the prime factors of p?
41
Let h = 12 + -4. Le